. Let r(o) = -6*o**2 + 12*o + 12. Let p(b) = -b**2 + b + 1. Let k(y) = -12*p(y) + r(y). Calculate k(j).
6
Let b(d) = d + 3*d + d**3 + 4 - 2*d**3 - 4*d**2. Let w be 13/4*(-8)/2. Let a = w + 9. Give b(a).
-12
Suppose -2*b + 4 = -4. Let o(k) = -3*k - 1 + 2*k**2 + b + k - 4*k. Give o(4).
11
Let n(g) = -22*g + 45*g - 22*g - 2. Calculate n(-4).
-6
Let m(k) = 3*k - k**3 + 3*k - 4*k**2 - 2 + 2 - 2. What is m(-5)?
-7
Let f(u) = 4*u - 7 - 6 + 8. Determine f(4).
11
Let h(o) = -o**2 + 5*o + 2. Suppose v = 5 + 1. What is h(v)?
-4
Let s be (3/2)/(6/40). Suppose 0*k - k + 3*y = 12, s = 5*y. Let c(z) = z**2 + 5*z - 5. Calculate c(k).
1
Let s(q) = -9*q**2 + 7*q + 6. Let g(b) = -4*b**2 + 3*b + 3. Let x(v) = -7*g(v) + 3*s(v). Let w be -1 + 1 + 0/2. Determine x(w).
-3
Let t(c) = c**3 - 6*c**2 + c - 6. Let d(h) = 2*h**2 - h. Suppose 2*g + 0*g - 16 = 0. Suppose 0 = p + 3*p - g. Let q be d(p). Calculate t(q).
0
Let p = 16 + -13. Let v(k) = -2*k + 2. Calculate v(p).
-4
Let j(q) = -q + 22. Let d be j(13). Let v = 27 - d. Suppose -l = 2*l + v. Let a(p) = p**3 + 7*p**2 + 6*p + 3. Determine a(l).
3
Let a(z) = 3 - 4*z**2 - 3*z + 5*z - z**3 + 3*z. Give a(-5).
3
Let f(l) = 4*l - 1. Let p be (2/9)/(8/72). Calculate f(p).
7
Let f(r) = -3*r - 2. Let i be f(-2). Let d(m) = -13 - 2*m**2 + m**2 + 4 + 8*m + i. Determine d(5).
10
Suppose 5*y - 2*y + 6 = 0. Let q be -2 - (-1)/((-1)/y). Let a(u) = 16 - 7 - u + q*u. Determine a(4).
5
Let z(v) = 10*v - 2 - 9*v - 2*v - 1. Determine z(0).
-3
Let n(g) = 3*g**3 + 5*g**3 - 8*g + 7*g**2 + 2 - 9*g**3 + g**2. Give n(7).
-5
Let z(f) = -43*f + 47. Let s(p) = -29*p + 31. Let q(b) = -8*s(b) + 5*z(b). Let c(k) = -4*k + 3. Let a(w) = -9*c(w) - 2*q(w). Calculate a(3).
5
Let s(z) = -z - 4. Let k = -19 - -23. Let c(x) = -x - 2. Let l be c(k). Determine s(l).
2
Let m = -131/3 + 44. Let u(i) be the second derivative of 0*i**2 - 1/12*i**4 + 0 - i - m*i**3. Calculate u(-3).
-3
Suppose -d + 5 = 16. Let h(y) = y + 10. What is h(d)?
-1
Let y(s) = -5*s**2 - 2*s - 8. Let q(d) = -d**2 - 1. Let t(f) = 6*q(f) - y(f). Calculate t(-3).
-13
Let u(t) = -4*t**2 - 7*t - 5. Let f(n) = -7*n**2 - 13*n - 9. Let k(w) = -6*f(w) + 10*u(w). Determine k(-5).
14
Let w = -30 - -36. Let b(q) = q - 4. Determine b(w).
2
Let z(l) = -l**2 + 3*l - 4. Let n(d) = d - 1. Let c(h) = 4*n(h) - z(h). Give c(0).
0
Let l(w) = -9*w + 1. Suppose 0 = -5*t + 2*k + 10 + 18, -t - 12 = 4*k. Suppose -2*m = 3*x + 11, 3*m + t*x = -0*x - 14. Determine l(m).
-17
Let i(j) = 25*j**2 + j - 19*j**2 + 0 + 1. Calculate i(-1).
6
Let p(u) = -9*u**3 - 17*u**2 - 15*u + 1. Let i(n) = -4*n**3 - 8*n**2 - 7*n. Let a(k) = 7*k**2. Let t be a(1). Let c(r) = t*i(r) - 3*p(r). What is c(-4)?
-3
Let g(v) = -v - 2. Let d be g(-4). Let i(h) = -4 - 3*h**d + 4*h + 0 + h**3 + 2. Let a be 3/(-3)*(-6 + 4). Determine i(a).
2
Let m be 2/((-2)/7 - (-48)/70). Let a(u) = u**3 - 5*u**2 - 6*u + 1. Give a(m).
-29
Let k be ((-10)/(-6))/(3/(-9)). Let d(x) be the third derivative of -x**5/60 - 5*x**4/24 + 5*x**3/6 - 2*x**2 + 9*x. Calculate d(k).
5
Let o(g) be the second derivative of g**4/12 - 11*g**2/2 - 4*g. Determine o(0).
-11
Let c = 15 - 26. Let f = c + 7. Let x(u) = -u - 2. Determine x(f).
2
Suppose -3*t - s - 3*s - 6 = 0, 0 = 2*t - 5*s - 19. Let m(a) = -a**2 + 3*a - 1. Calculate m(t).
1
Let w be (0 - -4) + (1 - -3) + -4. Let q(y) = y**2 - 3*y. Determine q(w).
4
Let n(p) = p**2 - p. Suppose 0 = -k + 2*k. Suppose k = u - 2*u - 2*f - 17, -3*f + 2 = -u. Let r be u/(-9) - 6/27. Give n(r).
0
Let g(w) = 5*w**2 - w + 4. Let a(p) = -p**2 - p. Let y(i) = 4*a(i) + g(i). Let q = 22 - 16. Suppose -2*n - q = -16. What is y(n)?
4
Let w(d) be the first derivative of -d**7/840 - d**6/120 - d**5/60 + d**4/24 + d**3 - 2. Let k(s) be the third derivative of w(s). Calculate k(-3).
7
Let s(m) be the first derivative of m**2/2 + 6*m + 3. Let j be s(-12). Let u(b) = -2*b - 8. Determine u(j).
4
Let o = -4 - -1. Let z = 6 + o. Let n(v) = -v**z + 3*v + 0*v - 2*v. Give n(2).
-6
Let x be 3 - 2/(-3)*-18. Let n(u) = -u**2 - 9*u + 5. Determine n(x).
5
Let m be 6/4*((-10)/(-6) - 3). Let a(j) = -3*j**3 - 4*j**2 - j - 3. Let b(x) = 16*x**3 + 20*x**2 + 4*x + 15. Let c(h) = -11*a(h) - 2*b(h). What is c(m)?
5
Let w be 39/(-9) + (-4)/6. Let u(j) = j**2 + 6*j + 6. Determine u(w).
1
Let t(q) = q**2 - 8*q - 5. Let s(r) = -2*r**2 + 17*r + 11. Let i(g) = -4*s(g) - 9*t(g). Determine i(4).
1
Let c(q) = -5*q**2 + q + 5. Let n(f) = -f**2 + 1. Let b(k) = -2*c(k) + 11*n(k). Let j = -1 + -2. Calculate b(j).
-2
Let m(y) = -y**2 + 4*y. Let l be m(4). Let p = 0 + l. Let j(b) = -2*b**2 - b**2 + p*b**2 + 4*b**2 + 4. Calculate j(0).
4
Let m(z) = -z + 1. Let d(g) = 7*g + 1. Let j(p) = -d(p) - 6*m(p). What is j(-7)?
0
Let h = 41 - 39. Let j(w) = -2*w**3 + 3*w**2 - w + 1. Calculate j(h).
-5
Suppose 2*x - 2 = -4*o + 6, 2*o = 3*x + 12. Let k(w) = -1 + 41*w - 40*w + o. Determine k(-2).
0
Let r = 9 + -14. Let b(m) = m**2 + 4*m + 2. What is b(r)?
7
Let o(a) = -a**3 + a**2 + a + 4. Let u = 0 - 0. Let n be o(u). Suppose n*f + 8 = 5*x, -2*x = -f - 5 - 0. Let r(y) = y**3 - 5*y**2 + 3*y + 1. Calculate r(x).
-3
Let k(t) = t + 4. Suppose 0 = 5*r - 2*n - 125, -2*r = 4*n - 15 - 35. Suppose 5*z + 10 = 2*d + d, -3*z - r = 2*d. Let c = -5 - z. Calculate k(c).
4
Let f(k) = -k**3 - 17*k**2 + 19*k + 18. Let j be f(-18). Let x(g) = -g**2 - g - 1. What is x(j)?
-1
Let z(p) = -p**2 + 4*p + 1. Suppose 0 = -5*t + 2*t + 15. Determine z(t).
-4
Let s(i) = i + 6. Let k(j) = -1. Let c(v) = -10*k(v) - 2*s(v). Give c(2).
-6
Let a = -19 - -24. Let o be -4 - (3 - (a + 2)). Let s(m) be the second derivative of m**3/6 + 3*m**2 + m. Give s(o).
6
Suppose 0 = -6*i - 61 + 25. Let x(j) = -j**3 - 5*j**2 + 7*j. What is x(i)?
-6
Let s(q) = 17*q - 1. Suppose 0 = -b - 5*b + 60. Let z be (-30)/(-25) + (-2)/b. What is s(z)?
16
Let b(c) = 4*c + 3. Let q(j) = j + 1. Let d(g) = b(g) - 5*q(g). Determine d(5).
-7
Let q(k) be the third derivative of -8*k**2 + 1/24*k**4 + 0 + 1/6*k**3 + 0*k. Give q(1).
2
Let f(t) = -3*t**3 - t**2 + 6*t - 6. Let n(r) = -r**2 + 4*r - 3. Let u be n(2). Let h(m) = m**3 + m - 1. Let z(l) = u*f(l) - 6*h(l). What is z(1)?
-10
Let l(j) = j**3 - 5*j**2 + 2*j + 3. Let x be l(5). Let u = 14 - x. Let h(a) = a**2 + a - 1. What is h(u)?
1
Let k(s) = -4 + 6*s**2 - s**3 + 0*s**3 + 0*s**3 - 5*s. Suppose -34*z = -26*z - 40. Determine k(z).
-4
Let h(a) = a**3 - 8*a**2 - a + 11. Let u be h(8). Let x(y) = 4*y - u*y + 1 + y**2 - 3*y**2. What is x(-2)?
-9
Let n(f) = 1 + f**2 - 1 - 2*f - 8 - 2*f. Calculate n(6).
4
Let v = -5 - -6. Let n = 4 - v. Suppose c - 1 = n. Let o(g) = -g**3 + 4*g**2 + 3. Determine o(c).
3
Let w(f) = f**3 - 3*f**2 - 2*f + 3. Let m(b) = -b - 6. Let a be m(0). Let i = 8 + a. Let v(o) = 2*o - 1. Let l be v(i). What is w(l)?
-3
Let x(n) = 3*n**2 - 7*n. Let v(j) = -7*j**2 + 15*j - 1. Let y(g) = -2*v(g) - 5*x(g). Calculate y(6).
-4
Let o = 0 + 1. Let r(n) = -n**2 - 4*n. Let g be r(-3). Let y(v) = -v - 2*v - 3 + 5 - g. Calculate y(o).
-4
Suppose 2*x = -3*x. Suppose l + x*l = 2. Let c(r) = -r**2 + r. Calculate c(l).
-2
Suppose 0 = 153*f - 154*f - 6. Let x(t) = -t**3 - 7*t**2 - 8*t - 7. Calculate x(f).
5
Let s(u) = 23*u + 1. Let p(r) = -r**2 + 2*r + 14. Let i be p(5). Give s(i).
-22
Let j = -5 + 29. Suppose -3*i + j = 6. Let r(u) = -6*u + 19. Let m(s) = -2*s + 6. Let x(w) = -8*m(w) + 3*r(w). Calculate x(i).
-3
Let x(y) = -4*y + 5. Suppose u + 7 = n, 2*u = -n - 2*n + 6. Let o = u + 15. Let g = o + -8. What is x(g)?
-11
Let v = 2 + -1. Let l(u) be the third derivative of 0 + 0*u + 1/12*u**5 - 3*u**2 + 1/12*u**4 - 1/6*u**3. Give l(v).
6
Let z(b) be the second derivative of -b**5/120 - b**4/4 - b**3/6 + 2*b. Let f(g) be the second derivative of z(g). Suppose 2*s = -s. Determine f(s).
-6
Let m(g) = -g**2 + 4*g - 2. Suppose -y + 4 = 1. Suppose -y*v = b + 7, -b + 2*v = -2*b - 4. Calculate m(b).
2
Let s(a) = 0*a - a - 2 + 7 - 2. Give s(7).
-4
Let p = -1 - -7. Let m = -3 + p. Suppose -12 = -0*f + m*f. Let h(i) = i**2 + 2*i - 5. Calculate h(f).
3
Let t(o) be the second derivative of 1/20*o**5 + 0 - 2*o + 1/3*o**4 + 5/6*o**3 + o**2. Calculate t(-3).
-4
Let b(j) be the second derivative of j**4/4 - 2*j**3/3 - 22*j. What is b(3)?
15
Let s(b) = b**3 - 6*b**2 + 2*b - 5. Suppose 0 = -4*z + x + 22, 0 = -7*z + 2*z + 4*x + 22. Determine s(z)